{"id":12,"date":"2023-10-23T14:47:31","date_gmt":"2023-10-23T14:47:31","guid":{"rendered":"https:\/\/tuframe.com\/loja\/?page_id=12"},"modified":"2023-11-07T00:36:30","modified_gmt":"2023-11-07T03:36:30","slug":"politica_de_reembolso_e_devolucoes","status":"publish","type":"page","link":"https:\/\/tuframe.com\/loja\/politica_de_reembolso_e_devolucoes\/","title":{"rendered":"Pol\u00edtica de Reembolso e Devolu\u00e7\u00f5es"},"content":{"rendered":"\t\t<div data-elementor-type=\"wp-page\" data-elementor-id=\"12\" class=\"elementor elementor-12\">\n\t\t\t\t<div class=\"elementor-element elementor-element-1226dd66 e-flex e-con-boxed e-con e-parent\" data-id=\"1226dd66\" data-element_type=\"container\" data-e-type=\"container\">\n\t\t\t\t\t<div class=\"e-con-inner\">\n\t\t\t\t<div class=\"elementor-element elementor-element-7892e387 elementor-widget elementor-widget-text-editor\" data-id=\"7892e387\" data-element_type=\"widget\" data-e-type=\"widget\" data-widget_type=\"text-editor.default\">\n\t\t\t\t<div class=\"elementor-widget-container\">\n\t\t\t\t\t\t\t\t\t<p style=\"letter-spacing: -0.144px; line-height: 1.6; font-size: 14.4px; margin-bottom: 15px; color: #62595d; font-family: CentraNube, -apple-system, BlinkMacSystemFont, 'Helvetica Neue', arial, sans-serif; font-style: normal; font-weight: 400;\">POL\u00cdTICA DE TROCA \u2014 TuFrame<\/p>\n<p style=\"letter-spacing: -0.144px; line-height: 1.6; font-size: 14.4px; margin-bottom: 15px; color: #62595d; font-family: CentraNube, -apple-system, BlinkMacSystemFont, 'Helvetica Neue', arial, sans-serif; font-style: normal; font-weight: 400;\">Esta pol\u00edtica de troca \u00e9 v\u00e1lida a partir de Nov 2023.<\/p>\n<p style=\"letter-spacing: -0.144px; line-height: 1.6; font-size: 14.4px; margin-bottom: 15px; color: #62595d; font-family: CentraNube, -apple-system, BlinkMacSystemFont, 'Helvetica Neue', arial, sans-serif; font-style: normal; font-weight: 400;\">Caso voc\u00ea n\u00e3o esteja satisfeito com o produto ou tenha se arrependido da compra, voc\u00ea poder\u00e1 solicitar uma troca ou devolu\u00e7\u00e3o em at\u00e9 7 dias contados da data do recebimento do pedido no seu endere\u00e7o.<\/p>\n<h3 style=\"color: #62595d; font-weight: 500; margin-bottom: 15px; letter-spacing: -0.144px; line-height: 1.6; font-size: 0.8rem; font-family: CentraNube, -apple-system, BlinkMacSystemFont, 'Helvetica Neue', arial, sans-serif; font-style: normal;\">Condi\u00e7\u00f5es para efetuar uma troca:<\/h3>\n<p style=\"letter-spacing: -0.144px; line-height: 1.6; font-size: 14.4px; margin-bottom: 15px; color: #62595d; font-family: CentraNube, -apple-system, BlinkMacSystemFont, 'Helvetica Neue', arial, sans-serif; font-style: normal; font-weight: 400;\">Caso queira efetuar uma troca, o produto dever\u00e1 estar em perfeito estado e sem sinais de uso, ou seja, nas mesmas condi\u00e7\u00f5es que voc\u00ea o recebeu. Al\u00e9m disso, \u00e9 indispens\u00e1vel que o item esteja em sua embalagem original.<\/p>\n<h3 style=\"color: #62595d; font-weight: 500; margin-bottom: 15px; letter-spacing: -0.144px; line-height: 1.6; font-size: 0.8rem; font-family: CentraNube, -apple-system, BlinkMacSystemFont, 'Helvetica Neue', arial, sans-serif; font-style: normal;\">Como solicitar uma troca:<\/h3>\n<p style=\"letter-spacing: -0.144px; line-height: 1.6; font-size: 14.4px; margin-bottom: 15px; color: #62595d; font-family: CentraNube, -apple-system, BlinkMacSystemFont, 'Helvetica Neue', arial, sans-serif; font-style: normal; font-weight: 400;\">Envie um e-mail para loja@tuframe.com, informando seu nome completo, n\u00famero do pedido e motivo da troca. Voc\u00ea receber\u00e1 o nosso contato com as informa\u00e7\u00f5es necess\u00e1rias para efetuar a troca.<\/p>\n<h3 style=\"color: #62595d; font-weight: 500; margin-bottom: 15px; letter-spacing: -0.144px; line-height: 1.6; font-size: 0.8rem; font-family: CentraNube, -apple-system, BlinkMacSystemFont, 'Helvetica Neue', arial, sans-serif; font-style: normal;\">Condi\u00e7\u00f5es para devolu\u00e7\u00e3o por arrependimento:<\/h3>\n<p style=\"letter-spacing: -0.144px; line-height: 1.6; font-size: 14.4px; margin-bottom: 15px; color: #62595d; font-family: CentraNube, -apple-system, BlinkMacSystemFont, 'Helvetica Neue', arial, sans-serif; font-style: normal; font-weight: 400;\">Caso voc\u00ea se arrependa da compra, tamb\u00e9m poder\u00e1 devolver o seu pedido em at\u00e9 7 dias contados da data do recebimento do pedido no seu endere\u00e7o.<\/p>\n<h3 style=\"color: #62595d; font-weight: 500; margin-bottom: 15px; letter-spacing: -0.144px; line-height: 1.6; font-size: 0.8rem; font-family: CentraNube, -apple-system, BlinkMacSystemFont, 'Helvetica Neue', arial, sans-serif; font-style: normal;\">Como solicitar uma devolu\u00e7\u00e3o por arrependimento:<\/h3>\n<p style=\"letter-spacing: -0.144px; line-height: 1.6; font-size: 14.4px; margin-bottom: 15px; color: #62595d; font-family: CentraNube, -apple-system, BlinkMacSystemFont, 'Helvetica Neue', arial, sans-serif; font-style: normal; font-weight: 400;\">Envie um e-mail para loja@tuframe.com, informando seu nome completo e n\u00famero do pedido. Voc\u00ea receber\u00e1 o reembolso em at\u00e9 30 dias contados da data em que recebermos os produtos devolvidos. O valor ser\u00e1 reembolsado utilizando o mesmo m\u00e9todo de pagamento que voc\u00ea selecionou ao comprar na nossa loja virtual. N\u00e3o haver\u00e1 custo adicional para voc\u00ea receber o reembolso.<\/p>\n<h3 style=\"color: #62595d; font-weight: 500; margin-bottom: 15px; letter-spacing: -0.144px; line-height: 1.6; font-size: 0.8rem; font-family: CentraNube, -apple-system, BlinkMacSystemFont, 'Helvetica Neue', arial, sans-serif; font-style: normal;\">Produtos com defeito de fabrica\u00e7\u00e3o:<\/h3>\n<p style=\"letter-spacing: -0.144px; line-height: 1.6; font-size: 14.4px; margin-bottom: 15px; color: #62595d; font-family: CentraNube, -apple-system, BlinkMacSystemFont, 'Helvetica Neue', arial, sans-serif; font-style: normal; font-weight: 400;\">De acordo com a legisla\u00e7\u00e3o brasileira, no caso de itens com defeito de fabrica\u00e7\u00e3o, voc\u00ea tem o direito de solicitar a devolu\u00e7\u00e3o em at\u00e9 30 dias, contados da data do recebimento do pedido no seu endere\u00e7o.<\/p>\n<h3 style=\"color: #62595d; font-weight: 500; margin-bottom: 15px; letter-spacing: -0.144px; line-height: 1.6; font-size: 0.8rem; font-family: CentraNube, -apple-system, BlinkMacSystemFont, 'Helvetica Neue', arial, sans-serif; font-style: normal;\">Como solicitar uma devolu\u00e7\u00e3o de produtos com defeito:<\/h3>\n<p style=\"letter-spacing: -0.144px; line-height: 1.6; font-size: 14.4px; margin-bottom: 15px; color: #62595d; font-family: CentraNube, -apple-system, BlinkMacSystemFont, 'Helvetica Neue', arial, sans-serif; font-style: normal; font-weight: 400;\">Envie um e-mail para loja@tuframe.com, informando seu nome completo, n\u00famero do pedido e informa\u00e7\u00f5es sobre o defeito de fabrica\u00e7\u00e3o (descri\u00e7\u00e3o com fotos ou v\u00eddeos). Analisaremos o seu caso em at\u00e9 30 dias contados da data em que recebermos os produtos devolvidos. O valor ser\u00e1 reembolsado utilizando o mesmo m\u00e9todo de pagamento que voc\u00ea selecionou ao comprar na nossa loja virtual. N\u00e3o haver\u00e1 custo adicional para voc\u00ea receber o reembolso.<\/p>\n<h3 style=\"color: #62595d; font-weight: 500; margin-bottom: 15px; letter-spacing: -0.144px; line-height: 1.6; font-size: 0.8rem; font-family: CentraNube, -apple-system, BlinkMacSystemFont, 'Helvetica Neue', arial, sans-serif; font-style: normal;\">Como devolver os produtos:<\/h3>\n<p style=\"letter-spacing: -0.144px; line-height: 1.6; font-size: 14.4px; margin-bottom: 15px; color: #62595d; font-family: CentraNube, -apple-system, BlinkMacSystemFont, 'Helvetica Neue', arial, sans-serif; font-style: normal; font-weight: 400;\">Seguindo o estabelecido pelo Direito do Consumidor, os custos de envio da devolu\u00e7\u00e3o de produtos por direito de arrependimento ou itens com defeito de fabrica\u00e7\u00e3o ser\u00e3o cobertos pela nossa loja atrav\u00e9s do processo de log\u00edstica reversa.<\/p>\n<p style=\"letter-spacing: -0.144px; line-height: 1.6; font-size: 14.4px; margin-bottom: 15px; color: #62595d; font-family: CentraNube, -apple-system, BlinkMacSystemFont, 'Helvetica Neue', arial, sans-serif; font-style: normal; font-weight: 400;\">Voc\u00ea receber\u00e1 um c\u00f3digo de autoriza\u00e7\u00e3o de postagem por e-mail ap\u00f3s a sua solicita\u00e7\u00e3o de troca ou devolu\u00e7\u00e3o e dever\u00e1 postar a mercadoria em uma ag\u00eancia dos Correios. N\u00e3o cobrimos os custos de embalagem, por isso, sugerimos que voc\u00ea utilize a mesma embalagem na qual recebeu a sua compra (caso n\u00e3o esteja danificada) ou uma caixa adequada que preserve as pe\u00e7as durante o transporte.<\/p>\n<hr style=\"box-sizing: content-box; height: 0px; margin-top: 30px; margin-bottom: 30px; border-top-width: 1px; border-right-style: initial; border-bottom-style: initial; border-left-style: initial; border-top-color: #ecebec; color: #62595d; letter-spacing: -0.144px; line-height: 1.6; font-size: 14.4px; font-family: CentraNube, -apple-system, BlinkMacSystemFont, 'Helvetica Neue', arial, sans-serif; font-style: normal; font-weight: 400; background-color: #ffffff;\" \/>\n<h3 style=\"color: #62595d; font-weight: 500; margin-bottom: 15px; letter-spacing: -0.144px; line-height: 1.6; font-size: 0.8rem; font-family: CentraNube, -apple-system, BlinkMacSystemFont, 'Helvetica Neue', arial, sans-serif; font-style: normal;\">Entre em contato conosco:<\/h3>\n<p style=\"letter-spacing: -0.144px; line-height: 1.6; font-size: 14.4px; margin-bottom: 15px; color: #62595d; font-family: CentraNube, -apple-system, BlinkMacSystemFont, 'Helvetica Neue', arial, sans-serif; font-style: normal; font-weight: 400;\">Caso voc\u00ea tenha qualquer d\u00favida sobre a nossa pol\u00edtica de troca, por favor, entre em contato pelo loja@tuframe.com.<\/p>\t\t\t\t\t\t\t\t<\/div>\n\t\t\t\t<\/div>\n\t\t\t\t\t<\/div>\n\t\t\t\t<\/div>\n\t\t\t\t<\/div>\n\t\t","protected":false},"excerpt":{"rendered":"<p>POL\u00cdTICA DE TROCA \u2014 TuFrame Esta pol\u00edtica de troca \u00e9 v\u00e1lida a partir de Nov 2023. Caso voc\u00ea n\u00e3o esteja satisfeito com o produto ou tenha se arrependido da compra, voc\u00ea poder\u00e1 solicitar uma troca ou devolu\u00e7\u00e3o em at\u00e9 7 dias contados da data do recebimento do pedido no seu endere\u00e7o. Condi\u00e7\u00f5es para efetuar uma &hellip;<\/p>\n<p class=\"read-more\"> <a class=\"\" href=\"https:\/\/tuframe.com\/loja\/politica_de_reembolso_e_devolucoes\/\"> <span class=\"screen-reader-text\">Pol\u00edtica de Reembolso e Devolu\u00e7\u00f5es<\/span> Leia mais &raquo;<\/a><\/p>\n","protected":false},"author":1,"featured_media":0,"parent":0,"menu_order":0,"comment_status":"closed","ping_status":"closed","template":"","meta":{"site-sidebar-layout":"default","site-content-layout":"","ast-site-content-layout":"","site-content-style":"default","site-sidebar-style":"default","ast-global-header-display":"","ast-banner-title-visibility":"","ast-main-header-display":"","ast-hfb-above-header-display":"","ast-hfb-below-header-display":"","ast-hfb-mobile-header-display":"","site-post-title":"","ast-breadcrumbs-content":"","ast-featured-img":"","footer-sml-layout":"","theme-transparent-header-meta":"","adv-header-id-meta":"","stick-header-meta":"","header-above-stick-meta":"","header-main-stick-meta":"","header-below-stick-meta":"","astra-migrate-meta-layouts":"","ast-page-background-enabled":"default","ast-page-background-meta":{"desktop":{"background-color":"","background-image":"","background-repeat":"repeat","background-position":"center center","background-size":"auto","background-attachment":"scroll","background-type":"","background-media":"","overlay-type":"","overlay-color":"","overlay-gradient":""},"tablet":{"background-color":"","background-image":"","background-repeat":"repeat","background-position":"center center","background-size":"auto","background-attachment":"scroll","background-type":"","background-media":"","overlay-type":"","overlay-color":"","overlay-gradient":""},"mobile":{"background-color":"","background-image":"","background-repeat":"repeat","background-position":"center center","background-size":"auto","background-attachment":"scroll","background-type":"","background-media":"","overlay-type":"","overlay-color":"","overlay-gradient":""}},"ast-content-background-meta":{"desktop":{"background-color":"var(--ast-global-color-5)","background-image":"","background-repeat":"repeat","background-position":"center center","background-size":"auto","background-attachment":"scroll","background-type":"","background-media":"","overlay-type":"","overlay-color":"","overlay-gradient":""},"tablet":{"background-color":"var(--ast-global-color-5)","background-image":"","background-repeat":"repeat","background-position":"center center","background-size":"auto","background-attachment":"scroll","background-type":"","background-media":"","overlay-type":"","overlay-color":"","overlay-gradient":""},"mobile":{"background-color":"var(--ast-global-color-5)","background-image":"","background-repeat":"repeat","background-position":"center center","background-size":"auto","background-attachment":"scroll","background-type":"","background-media":"","overlay-type":"","overlay-color":"","overlay-gradient":""}},"footnotes":""},"class_list":["post-12","page","type-page","status-publish","hentry"],"jetpack_sharing_enabled":true,"_links":{"self":[{"href":"https:\/\/tuframe.com\/loja\/wp-json\/wp\/v2\/pages\/12","targetHints":{"allow":["GET"]}}],"collection":[{"href":"https:\/\/tuframe.com\/loja\/wp-json\/wp\/v2\/pages"}],"about":[{"href":"https:\/\/tuframe.com\/loja\/wp-json\/wp\/v2\/types\/page"}],"author":[{"embeddable":true,"href":"https:\/\/tuframe.com\/loja\/wp-json\/wp\/v2\/users\/1"}],"replies":[{"embeddable":true,"href":"https:\/\/tuframe.com\/loja\/wp-json\/wp\/v2\/comments?post=12"}],"version-history":[{"count":5,"href":"https:\/\/tuframe.com\/loja\/wp-json\/wp\/v2\/pages\/12\/revisions"}],"predecessor-version":[{"id":4750,"href":"https:\/\/tuframe.com\/loja\/wp-json\/wp\/v2\/pages\/12\/revisions\/4750"}],"wp:attachment":[{"href":"https:\/\/tuframe.com\/loja\/wp-json\/wp\/v2\/media?parent=12"}],"curies":[{"name":"wp","href":"https:\/\/api.w.org\/{rel}","templated":true}]}}